units digit of x?
0
Suppose 4 = 4*j + z, 2*j + z + z + 4 = 0. Suppose 0 = -d - j*d. Suppose 3*c + 2*m - 37 = d, -4*c - 3*m + 34 = -17. What is the units digit of c?
9
Let s(d) be the first derivative of -d**4/4 - d**3/3 - d**2/2 + 23*d + 5. What is the units digit of s(0)?
3
Suppose 5*y - n - 434 = 0, -y = -4*n - 136 + 34. What is the tens digit of y?
8
Suppose 37 + 49 = 2*h. What is the tens digit of h?
4
Let b(p) = -p. Suppose 6 = -2*f - 4. What is the units digit of b(f)?
5
Suppose 11*s - 10*s + 5 = 0. Let m be (-4)/6 + 6/9. Let o = m - s. What is the units digit of o?
5
Let l = -6 + 11. Suppose -4*k - l = k. What is the units digit of (-1)/(1/k)*1?
1
Let v be 2/(-5) - (-141)/15. Let o = v + -5. What is the units digit of o?
4
Suppose -13 = -3*l - 4. What is the units digit of l?
3
Let i be (-6)/(-5)*(-15)/(-6). Suppose 8*c - 165 = i*c. What is the units digit of c?
3
Suppose 4*q + 17 = -2*b - 19, -3*b - 27 = 3*q. Suppose -4*h = -8*h - 5*o + 71, 0 = -3*h + 4*o + 30. Let l = h + q. What is the units digit of l?
5
Suppose -9 = -4*w - l - 0, -4*w + 2*l = -6. Suppose w*i - 7 = 5. What is the units digit of i?
6
Suppose 4*v + z = -z + 42, -30 = -5*v + 2*z. What is the units digit of v?
8
Suppose -10 = -6*z + 2*z - m, -3*z + 17 = -4*m. Let n(t) = -3*t + 1 - t**z - 2 + 5*t**2 + 5. What is the units digit of n(4)?
8
Suppose 2*r - 3*k - 174 = -3*r, 4*r - 5*k - 147 = 0. What is the units digit of r?
3
Let c = 20 - -14. What is the units digit of c?
4
Let h be 1/(-1) - -38 - 3. Let u = h - 17. What is the tens digit of u?
1
Suppose -2*s + 0 + 4 = 0. Suppose -s*d + 72 = -c, -48 = -2*d - 0*c - 5*c. What is the tens digit of d?
3
Let b(h) be the third derivative of -h**6/120 - 3*h**5/20 - 5*h**4/12 - h**3/6 + 4*h**2. Let m be b(-8). Suppose 4*z - 5*z = -m. What is the tens digit of z?
1
Let a = -2 - -15. Suppose 4*h - a = -h - r, -h - 4*r = 5. Suppose 0 = -m + h*m - 10. What is the units digit of m?
5
Suppose -87*y + 91*y = 856. What is the tens digit of y?
1
Suppose 2*z = 3*g + z - 546, g = 3*z + 174. What is the units digit of g?
3
Let g = -19 - -13. Let l be (g/10)/(1/(-5)). Suppose -3*t + 8 = r - 3, 3*r = -l*t + 21. What is the units digit of t?
2
Let i = 8 - 8. Suppose -30 + i = -t. What is the units digit of t?
0
Let o(f) = -4*f + 0*f**2 + 2*f + 3*f**2. Let i(a) = a**3 - 8*a**2 - a + 10. Let m be i(8). What is the units digit of o(m)?
8
Suppose -3*t = -2*v - 11, 3*v - 3*t = -12 + 3. Suppose 0 = -v*u + 2*c + 3*c + 36, 3 = u + 5*c. What is the tens digit of u?
1
Suppose -37 - 49 = -2*m. What is the tens digit of m?
4
Let t(q) = -q - 7. Let j be t(-9). Suppose 0 = -j*b + f + 8, -2*f - 12 = -3*b - 0. What is the units digit of b?
4
Let r = 17 + -16. What is the units digit of r?
1
Let n be (-2)/4*0/(-4). Suppose n = 4*q - 5*q + 2. What is the units digit of q?
2
Suppose -r - r = 4*l + 10, 4*r = -2*l + 4. Let c = 3 - l. What is the units digit of c?
7
Let x(p) = p - 9. Let g be x(11). Suppose 8 = 2*m - i + 3, m - g*i = -2. Suppose -m*d = d - 15. What is the units digit of d?
3
Let p(o) = o - 4. Let u be p(7). Suppose u*z + 36 = 6*z. Suppose -4*c = 3*b - c - 9, -4*b + 3*c = -z. What is the units digit of b?
3
Suppose -4*u = -2*i - 10, -3*u - 2*u + 2*i + 12 = 0. Suppose -2*c + 20 = u. What is the units digit of c?
9
Suppose 3*p = 5*g - 255, 4*p + p = 0. What is the units digit of g?
1
Suppose -122 = -2*k - 3*a, 2*k - 2*a = 4*k - 120. What is the units digit of k?
8
Let b(n) = -6*n**3 + 12*n**2 - 8*n - 11. Let l(p) = -3*p**3 + 6*p**2 - 4*p - 5. Let g(d) = 3*b(d) - 7*l(d). What is the tens digit of g(3)?
4
Suppose 6*h - 107 = 5*h. What is the units digit of h?
7
Suppose p = -4*p. Let i be 3/(-5)*(p - 5). Suppose -q + 6*q + 3*h - 59 = 0, -4*q = i*h - 49. What is the units digit of q?
0
Let l = 724 + -292. Suppose -3*w - l = w. What is the units digit of w/(-11) + 2/11?
0
Suppose 4*u + 10 + 14 = 0. What is the units digit of 8*(0 - 3/u)?
4
Let n be (3 - 6/2)*-1. Let j(i) = i + 6. Let q be j(n). Suppose -4 - q = -5*b. What is the units digit of b?
2
Let k = 14 + -3. What is the tens digit of k?
1
Suppose -q + 6 = -11. What is the tens digit of q?
1
Let c(j) = -j**3 + 6*j**2 + 8*j + 1. Let a be 4/6 - (-19)/3. Let v be c(a). Suppose -57 = 5*k - v*k. What is the units digit of k?
9
Suppose 15 - 11 = -2*a. Let j(h) = -4*h**3 - h + 2. What is the units digit of j(a)?
6
Let f = 7 + -3. Suppose -4*r + 172 = f*d, -2*r = -d - 2*d - 76. What is the units digit of r?
1
Suppose -515 = -3*n - n + 3*o, 4*n - 507 = -5*o. Suppose -n = -5*i - 33. What is the tens digit of i?
1
Let n = 89 + -52. What is the tens digit of n?
3
What is the units digit of 5 + (-3 - (2 - 5))?
5
Let f(g) = 4*g**3 - 3*g**2 + g + 1. What is the units digit of f(3)?
5
Let s be -2*4/(-6)*3. Let b = 7 - s. Suppose -42 = -b*v - 9. What is the units digit of v?
1
Let q be 93 - ((-3)/(-1) + -2). Suppose 2*o + 2*t - q = 0, -o - 2*t + 5 = -43. What is the tens digit of o?
4
Let x = 1079 + -1551. What is the tens digit of x/(-18) - (-2)/(-9)?
2
Let g be (-470)/30 + 2/(-6). What is the tens digit of 3/4 + (-884)/g?
5
Suppose -y + 3 = -2. Suppose -45 - 111 = y*f - 3*t, -5*t - 15 = 0. Let l = f + 52. What is the units digit of l?
9
Let t(a) = 134*a - 1. What is the hundreds digit of t(3)?
4
Let d be (8/12)/((-1)/(-384)). Suppose 0 = 4*c - 8*c + d. Suppose 5*o + b = 80, -c = -5*o + 2*b + 16. What is the units digit of o?
6
What is the tens digit of ((-45)/3)/(6/(-4))?
1
Let y(s) be the third derivative of s**5/60 + s**4/4 + s**3/3 - 2*s**2. What is the tens digit of y(-8)?
1
Let c(x) = 3*x - x + 1 + 3*x + x**2 + 0*x. What is the units digit of c(-6)?
7
Suppose f - 6*f = -4*d - 171, f - 5*d = 30. What is the tens digit of f?
3
Let q be (6/9)/(4/30). Suppose 0 = 2*y + 2, 15 + 26 = q*f - y. What is the units digit of f?
8
Let f = -2 + 7. Suppose -2*i + 3 = -1, f*a = i + 133. What is the units digit of a?
7
Let o(c) = 3*c - 3. Let x be o(3). What is the units digit of x/(0 + 0 + 1)?
6
Let i(u) = -u**3 - 4*u**2 - 3*u + 1. Let h(f) = -f**3 + 8*f**2 - 3. Let a be h(8). What is the units digit of i(a)?
1
Let u = 695 + -402. What is the units digit of u?
3
Let v(x) = x**3 + 3*x**2 - 6*x - 1. Let b = -20 - -12. Let z = b - -4. What is the units digit of v(z)?
7
Let l = 122 - 86. Suppose 0 = k + 2*i - i - 34, -3*i = k - l. What is the units digit of k?
3
Let k be 16/(-4) - (0 - 0). Let w(b) = b**3 + 4*b**2 - 6*b - 6. What is the units digit of w(k)?
8
Let p be 3/(-4) + 27/(-12). What is the units digit of 17 + 2 + (-2 - p)?
0
Suppose -2*r - 4*l + 23 = l, -4 = 4*l. What is the units digit of (r - 0) + (9 - 10)?
3
What is the tens digit of 29 + 0 - (5/(-1) + 2)?
3
Suppose -354 = -2*c - 2*o, 4*c + 2*o = 806 - 106. What is the tens digit of c?
7
Let n = -87 - -195. What is the units digit of n?
8
What is the tens digit of 53/1*(-5 + 6)?
5
Let k be ((-10)/(-8))/((-1)/(-4)). Suppose 3*y - 7 = k. Let i = y - 2. What is the units digit of i?
2
Let u = -73 + 24. Let v = 79 + u. What is the units digit of v?
0
Let h(n) = 6*n**3 - 4*n**2 + 2*n + 2. What is the tens digit of h(2)?
3
Suppose 9*y - 675 = 4*y. What is the units digit of y?
5
Let u(g) = -g - 3. Let w be u(-4). Let j(p) be the second derivative of 9*p**5/20 + p**4/12 - 4*p. What is the units digit of j(w)?
0
Let q = 115 + -60. Let j = q - 30. What is the units digit of j?
5
Suppose 9 = 4*d - 3. Suppose 11 = 2*a - d. What is the units digit of a?
7
Let y(a) = a**2 + 4*a + 3. Let j be y(-3). Let b(i) be the first derivative of i**4/4 + i**3/3 + i**2/2 + 3*i - 2. What is the units digit of b(j)?
3
Let b = -3 + 1. Let t(g) = 2*g**2 - 1. What is the units digit of t(b)?
7
Let a(m) = -m**3 + 5*m**2 - 2*m - 2. Suppose 0 = -0*u - 2*u + 2*j + 4, 0 = -u - 4*j - 8. Suppose -4*r - r + 15 = u. What is the tens digit of a(r)?
1
Suppose 4*q = -5*w + 39, -5*w + 4*q + q = -30. What is the units digit of w?
7
Let j(x) = 2*x. Let u be j(1). Suppose -u*n = -4*n + 94. What is the tens digit of n?
4
Suppose -2*i = 4*k - 4*i - 504, 2*k - 256 = 3*i. What is the units digit of k?
5
Let b(u) = u**2 - 5*u - 9. What is the units digit of b(7)?
5
Let z(u) = u**2 - 2. Let y be z(3). Suppose y - 72 = -5*v. What is the units digit of v?
3
Suppose -3*b - 44 = 5*d - 244, -b - 3*d = -68. What is the tens